.
0
Let c(k) = 3 + k**2 + k**2 - k**2 + 0*k**2. Let l be c(0). Let p(x) = 2*x - 3. Determine p(l).
3
Let b(u) = -u**3 + u**2 - 8*u - 4. Let k(o) be the first derivative of -o**3/3 + o**2/2 + 2. Let t(v) = b(v) + 5*k(v). What is t(-4)?
8
Suppose 4*d - 20 = 2*q - 2, -2*d - 6 = 4*q. Let i(j) = -6*j - 2*j**2 + 23567 - 23571 + j**2. What is i(q)?
5
Let c(q) = -7*q - 3. Let u = 18 + -8. Let w(d) = -22*d - 10. Let s(i) = u*c(i) - 3*w(i). Suppose -5*y - 6 = -2*y. Determine s(y).
8
Suppose 0*d = -2*d + 6. Let w(b) be the first derivative of b**3/3 - 3*b**2/2 + 2*b + 3. Determine w(d).
2
Let p(o) = -o - 1. Let g be p(-6). Suppose 12 = -n + 4*n + 5*a, -20 = -5*n - g*a. Let i(s) = s**2 - 2*s - 2. Give i(n).
6
Let v be (-2)/(2 + (2 - 2)). Let t(g) = 3*g**2 - 2*g - 1. Give t(v).
4
Let m(r) = 1 + 6*r - 8*r + 3*r. Calculate m(5).
6
Let o(m) = 2*m - 3. Let n be 3/9*15/10*-14. Determine o(n).
-17
Suppose -2*u - 3*u + 187 = 4*k, -172 = -5*u + k. Let q be 10/u - 5/(-7). Let f(w) = -1 + 2*w + w - 2*w. Give f(q).
0
Let z(v) = v**2 - 7*v. Let p be (2*6)/3 + 2. Suppose -l + 3*t + p = 0, 3*l = 3*t - 6*t + 18. Calculate z(l).
-6
Let h(i) be the third derivative of i**6/120 - i**5/20 + i**4/6 - i**3/3 - 2*i**2. Let y = -1 - -3. What is h(y)?
2
Let c(k) = 2*k + 5. Suppose 1 = -4*p + 29. Let f(n) = n**3 - 8*n**2 + 5*n + 10. Let a be f(p). What is c(a)?
-3
Let q = -6 + 11. Let t(a) = -a**2 + 6*a. Let h be t(q). Let p(g) = -g**2 + 5*g - 7. Determine p(h).
-7
Let y(l) = l**2 + 5*l + 4. Suppose -5*a = d + 20, -4*a - 16 = -6*d + d. Let c be (5/4)/(a/16). Give y(c).
4
Let t(n) be the second derivative of n**5/20 - 5*n**4/12 - 4*n**3/3 + 3*n**2 + 2*n. Let w be 5 + (2/1)/2. What is t(w)?
-6
Let w(v) = -v**3 - 7. Let j be (-24)/8 + 9 + -1. Let q(i) = 2*i**3 + 13. Let l(p) = j*w(p) + 3*q(p). Give l(0).
4
Let k(z) = -5*z**2 - 9*z + 7. Let i(b) = 3*b**2 + 1 + 5*b - 7 + 2. Let w(j) = 7*i(j) + 4*k(j). Calculate w(-1).
2
Let x = -13 - -14. Let b(p) = -7*p + 1. What is b(x)?
-6
Let w(b) be the first derivative of -b**3/3 + 4*b**2 - 3. Determine w(4).
16
Let t(f) = f**3 + 8*f**2 + 11*f + 31. Let j be t(-7). Let r(n) be the second derivative of n**2 + 0 - n + 1/6*n**j. Give r(-4).
-2
Let g(p) be the third derivative of -p**8/6720 + p**7/840 + p**6/144 + p**5/60 - p**4/6 - 2*p**2. Let a(u) be the second derivative of g(u). Calculate a(4).
6
Let b(z) = -5*z. Let q be -8 + 0 - -5 - -2. Give b(q).
5
Let y(r) be the third derivative of -r**7/2520 + r**5/15 + 2*r**2. Let t(p) be the third derivative of y(p). What is t(3)?
-6
Let h(l) = l**2 - 5*l - 4. Suppose 0 = 2*k - 2*m - 6, 4*k - k + m = 5. Suppose -k*c + 2 = -8. Let p be h(c). Let v(d) = d**2 + 3*d + 1. What is v(p)?
5
Let f be (-12)/6 - (-1 - 2). Let b(s) = -7*s**2 - s. What is b(f)?
-8
Let d(t) = t. Let j(g) = g. Let q(y) = 3*d(y) - 4*j(y). Let i(v) = 5*v. Let c(x) = -i(x) - 4*q(x). What is c(6)?
-6
Let f(v) = v**3 + 5*v**2 + v - 5. Let h(g) = -2*g**3 - 2*g**2 + g - 4. Let i be h(0). What is f(i)?
7
Let u(b) = -4*b**3 + b**2 - b. Let q(t) = 2*t - 3. Let g be (32/(-12))/(2/(-3)). Let z be q(g). Suppose 2*d = 3*o - 3*d - 18, -14 = -z*o + 3*d. Give u(o).
-4
Let d(n) = n**2 - 8*n + 4. Let g be d(8). Let j(q) be the third derivative of -q**6/120 + q**5/12 - q**4/6 + 3*q**2. What is j(g)?
0
Let m(f) = f**3 - f**2 - f + 15. Suppose -30 = 2*p - 4*p + 3*d, 0 = 2*p + 3*d - 54. Let t = p - 21. What is m(t)?
15
Let l(k) = -2 + 10*k + 5 - 3 - 3. What is l(2)?
17
Let v(d) = 2*d**2 - 5*d + 2. Let z = -9 + 21. Suppose 6*m = -5*x + 3*m + 15, -5*m = -2*x + 6. Suppose -3 = x*i - z. Calculate v(i).
5
Suppose -2*v = 3*p + 4, 2 = 3*p + 3*v + 11. Let w(q) = -5*q - 8 - 2*q + q**p + 6*q. Suppose -s = 4*s. Calculate w(s).
-8
Let x(b) = 2*b + 7. Let m be 4/(-6) + (-280)/21. Let l = -20 - m. Determine x(l).
-5
Let m(x) = 8770 - 2*x - 8767 + 3*x**2 + 2*x - x**3. Give m(3).
3
Let y(m) be the third derivative of m**4/24 + 11*m**3/6 - 22*m**2. Let d = 4 + -1. Suppose 4*q + 0*q - 3*t = -32, d*q - 3*t + 27 = 0. Calculate y(q).
6
Let r(b) = b - 3. Let w(x) = -2*x + 11. Let z be w(7). Calculate r(z).
-6
Let l(x) = 6*x - 2. Let i(t) = -3*t + 1. Let j(m) = 11*i(m) + 6*l(m). What is j(-1)?
-4
Let p(i) = -5*i + 0*i + 2 + 6*i. Determine p(-3).
-1
Let j(u) be the first derivative of 5*u**2/2 + u - 7. Determine j(2).
11
Let y be 4 - 0*(-2)/4. Let w(t) = 4*t + y*t - 10*t + 2. Give w(-4).
10
Let j(v) = v**3 - 4*v**2 + v + 2. Let w = 4 + -1. Calculate j(w).
-4
Let b = -5 - -8. Let k = b - 5. Let m(s) = s**3 - 2*s + 3. Let o(j) = -j**3 + 3*j - 3. Let i(f) = -5*m(f) - 4*o(f). Determine i(k).
9
Suppose 6 = 5*x + 2*i - 10, 0 = 2*x + 4*i - 16. Let g = x - -1. Suppose -9 = -g*z + 3. Let h(b) = -b - 3. Calculate h(z).
-7
Let a(l) = -10*l + 2. Let f(z) = 21*z - 4. Let s(y) = -7*a(y) - 4*f(y). Calculate s(2).
-26
Let r(m) be the third derivative of -m**6/120 + 2*m**5/15 - m**4/3 - m**3/3 - m**2 - 4*m. What is r(6)?
22
Let o(x) = -x + 4. Let c be o(2). Suppose 3*t - 16 = c. Let f(s) = 3*s - 4. Give f(t).
14
Let i(d) = -d**3 + 2*d**2 + d + 13. Let f(b) = 6*b**3 - 11*b**2 - 5*b - 66. Let g(v) = -2*f(v) - 11*i(v). What is g(0)?
-11
Let c(z) = -3*z + 5. Let o(t) = t - 6. Let y be o(10). Let v(l) be the third derivative of l**4/24 - l**2. Let u(x) = y*v(x) + c(x). Calculate u(-4).
1
Suppose 3*n - 10 = 5. Let w(d) = -3*d + 2. Let h(l) = -l + 1. Let p(m) = -6*h(m) + 3*w(m). Let v(r) = -r - 1. Let a(y) = p(y) - 4*v(y). Calculate a(n).
9
Suppose v + 4 = -2*b + 1, -3 = -5*b + v. Let d(f) = 3*f - f**2 - 6*f - 7 + 4*f. Give d(b).
-7
Let m(f) = f**2 + f - 1. Suppose -w - 4*b - 16 = 0, 2*w + 0*b + b - 3 = 0. Suppose 0 = -q + w*q + 9. Calculate m(q).
5
Let k = -2 + -6. Let o be (k/5)/(2/(-5)). Let p(h) = h**2 - 6*h + 1. What is p(o)?
-7
Let o(v) = -v**2 - 11*v - 6. Let p be o(-10). Let g(d) = 4 - d - p - 4. Let r(i) = i**2 + 7*i - 5. Let h be r(-7). What is g(h)?
1
Let t(l) be the second derivative of l**5/20 - l**4/3 - 5*l**3/6 - l**2/2 + l. Let c = 23 + -18. What is t(c)?
-1
Suppose -21 = -4*q - 1. Let a(x) = -3*x**3 + x + x**2 + 2*x**3 + 4*x**2. What is a(q)?
5
Let q(k) be the second derivative of k**3/6 - 4*k**2 - 2*k. Let c(r) = -r**3 - 6*r**2 + r + 6. Let n be c(-6). Give q(n).
-8
Let m(o) = 16*o + o**2 - 16*o - 5. Determine m(-4).
11
Let x(p) = -4*p + 0 + 2 + p**2 + 3*p - 5*p. Suppose 5*j + 13 = 38. What is x(j)?
-3
Let l(d) = 2*d**2 + 3*d**2 - 2*d**2 - 3 + 3*d**2 - d**3. Give l(6).
-3
Let x(f) = -2*f. Let y(b) = 3*b + 13. Let c(j) = -2*x(j) - y(j). Calculate c(10).
-3
Suppose -2*b = 3*b - 55. Suppose 3*y - 4 = b. Let j(n) = n**3 - 5*n**2 - n + 4. Calculate j(y).
-1
Let h = 9 - 9. Let p(k) = h + k - 3 + 4. What is p(4)?
5
Let b(c) = -c**2 + 5*c + 1. Suppose -2*q + 2*z + 18 = 0, 2*q - 2*z + 4*z + 2 = 0. Calculate b(q).
5
Let n(z) = -11*z + 11. Let u(x) = 6*x - 6. Let j(m) = 3*n(m) + 5*u(m). Determine j(2).
-3
Let a(s) = 3*s. Suppose 0 = -b - 3 + 6. Suppose -2*u - 4*r = -b*u + 14, r + 1 = -u. Suppose u*g + 1 = 3. What is a(g)?
3
Let b(y) = -2*y**2 - 9*y**2 - y - 2*y**3 + 7 + 3*y**3. Let o(h) = -2*h**3 + 23*h**2 + 2*h - 15. Let w(u) = 13*b(u) + 6*o(u). Determine w(5).
-4
Suppose 3*f - 8 = 16. Suppose -g = -3*g + f. Let z(a) = 3*a - 1 - g*a - 2*a. Determine z(1).
-4
Let h(s) = -2*s**3 + 2*s - 1. Let m be 11/2 - (-4)/(-8). Suppose 4*p = m*a - 24, 2*a + 2*a - 12 = -4*p. Suppose -v = a - 5. What is h(v)?
-1
Let k(y) = y**3 - y**2 - 7 - 2*y - y + 4*y. Let c be (-2)/(-8) - 95/(-20). Suppose -g = -5*m + 4*g - c, 0 = -2*m + g - 1. What is k(m)?
-7
Let i be 2/(0 + 2/3). Let j(g) = i - 2 + 2*g**2 - 6*g - g**3 + 3*g + 0. Calculate j(2).
-5
Suppose 2*h + 2*y + y - 17 = 0, 14 = 2*h + 2*y. Let g be (-1 + 7)*h/8. Let u(i) = 4 + 2*i - 4 - 3 - i**g + 5*i**2. What is u(5)?
7
Let d(h) = 5*h**2 - 9*h + 1. Let t(c) = -11*c**2 + 18*c - 1. Let v(g) = 9*d(g) + 4*t(g). Calculate v(6).
-13
Let r = -35 - -37. Let i(z) = z**3 + z**2 - z. Let k(a) = 5*a**3 + 3*a**2 - 6*a + 3. Let y(o) = -4*i(o) + k(o). Give y(r).
3
Let d(r) = -3 - 2*r + r**3 + 6*r - 5*r**3 + 3*r**3 + 3*r**2. Calculate d(2).
9
Let j(q) be the third derivative of 0*q + 5*q**2 + 0 + 1/6*q**4 + 1/120*q**6 + 2/3*q**3 - 1/10*q**5. Calculate j(5).
-1
Let l(r) be the third derivative of r**4/24 - 5*r**3/6 - 9*r**2. What is l(0)?
-5
Suppose 0 = -o + 2*o - 2. Suppose -4*